t is w(14)?
5
Let h(g) = -7*g**2 + 27*g - 72. Give h(3).
-54
Let b(s) = 4*s**2 + 101*s + 385. Give b(-21).
28
Let c(x) = -x**2 - 39*x + 319. Give c(-46).
-3
Let c(t) = -151*t - 1201. Calculate c(-8).
7
Let s(y) = -2*y**3 - 14*y**2 - 22*y + 3. What is s(-5)?
13
Let r(x) = x**2 - 117*x - 717. Determine r(-6).
21
Let g(x) = x**3 - 12*x**2 - 66*x + 31. What is g(16)?
-1
Let l(f) = f**3 + 14*f**2 + 19*f + 21. Calculate l(-11).
175
Let z(n) = 2*n - 8. Give z(-27).
-62
Let y(i) = -188*i**2 + 570*i - 10. Calculate y(3).
8
Let r(n) = -n**3 + 12*n**2 + 3*n - 16. Calculate r(8).
264
Let x(i) = -162*i - 967. Determine x(-6).
5
Let b(x) = -131*x**2 - 12*x + 2. Determine b(-1).
-117
Let y(x) = -2*x**2 - 51*x + 69. Calculate y(-25).
94
Let g(p) = 23*p**2 - 5773*p + 10. What is g(251)?
10
Let b(v) = 11*v + 42. Give b(-7).
-35
Let p(y) = -2*y**3 - 30*y**2 - 18. Give p(-15).
-18
Let t(b) = -2*b**3 - 36*b**2 - 68*b - 18. Calculate t(-16).
46
Let s(a) = -3*a**3 + 164*a**2 + 59*a - 223. What is s(55)?
-3
Let h(y) = 7504*y - 60027. What is h(8)?
5
Let m(t) = -604*t + 5416. Give m(9).
-20
Let a(u) = -1758*u - 22865. Determine a(-13).
-11
Let s(r) = -r**2 + 17*r - 27. What is s(14)?
15
Let o(u) = 14*u**2 + 238*u - 1197. What is o(-21)?
-21
Let l(h) = 6*h**3 - 7*h**2 + 12*h + 11. What is l(2)?
55
Let q(p) = 44*p + 16. Give q(-3).
-116
Let i(w) = w**2 - 19*w + 124. What is i(9)?
34
Let i(t) = 2*t**3 + 240*t**2 - 487*t + 92. What is i(-122)?
-30
Let y(h) = h**3 - 74*h**2 + 140*h + 273. Give y(72).
-15
Let g(b) = -1077*b - 31228. What is g(-29)?
5
Let m(f) = 3*f**3 - 2*f**2 + 4*f + 23. Give m(-3).
-88
Let s(m) = 6082*m - 170284. Give s(28).
12
Let i(v) = 7*v**2 - 137*v - 626. Determine i(-4).
34
Let r(k) = -k**2 - 6*k + 1388. What is r(-40)?
28
Let b(h) = 13*h**2 + 188*h + 59. Determine b(-14).
-25
Let b(n) = -61*n - 4. Calculate b(0).
-4
Let m(u) = 65*u**2 + 716*u. Calculate m(-11).
-11
Let x(c) = c**3 + 4*c**2 - 5. Calculate x(-2).
3
Let c(j) = -40108*j + 160441. Determine c(4).
9
Let z(a) = -2*a**3 - 97*a**2 - 74*a - 1246. What is z(-48)?
2
Let x(s) = 2*s**3 + 29*s**2 - 19*s - 17. What is x(-15)?
43
Let o(b) = -6*b**3 - 9*b**2 - 157*b - 3. Calculate o(0).
-3
Let t(c) = c**2 - 5*c - 37. Determine t(-5).
13
Let t(g) = g**2 - 27*g - 41. Give t(0).
-41
Let d(n) = n**3 - 9*n**2 - 30*n - 77. Calculate d(12).
-5
Let h(b) = -35*b**2 + 380*b + 69. What is h(11)?
14
Let u(q) = -99*q + 10386. Calculate u(105).
-9
Let u(w) = 23*w - 106. Calculate u(16).
262
Let l(m) = -3*m + 296. Determine l(38).
182
Let s(k) = 18*k - 1906. What is s(97)?
-160
Let m(n) = 22*n**2 - 7*n - 8. Calculate m(-1).
21
Let c(x) = 54*x - 9515. What is c(177)?
43
Let h(j) = 62*j + 110. Calculate h(-2).
-14
Let j(x) = -2*x**3 - 185*x**2 + 138*x + 4178. Give j(-93).
-7
Let s(o) = 9*o - 70. Calculate s(12).
38
Let i(o) = -6209*o + 24830. Determine i(4).
-6
Let m(g) = -49*g + 3413. Determine m(69).
32
Let w(x) = -x**2 - 20*x + 160. What is w(-26)?
4
Let m(o) = o**2 - 35*o - 486. What is m(-12)?
78
Let g(a) = 10*a - 257. Determine g(25).
-7
Let r(t) = -8*t**3 - 10*t**2 + 15*t. Determine r(2).
-74
Let o(t) = 455*t - 10006. Give o(22).
4
Let r(l) = -5*l**3 - 33*l**2 + 14*l + 29. Calculate r(-7).
29
Let r(l) = -186*l**2 - 3*l + 4. What is r(1)?
-185
Let b(v) = 373*v - 23156. What is b(62)?
-30
Let o(k) = -k**3 + 5*k**2 + 12*k + 10. Give o(7).
-4
Let a(t) = 9*t**2 - 20*t - 55. Determine a(-2).
21
Let b(o) = 39*o**3 + o**2 + 14*o + 11. Determine b(-1).
-41
Let c(y) = 257*y + 8228. Calculate c(-32).
4
Let o(n) = -439*n + 1173. What is o(3)?
-144
Let j(t) = -t**2 + 55*t + 104. What is j(60)?
-196
Let h(r) = -2*r**2 - 18*r + 511. Determine h(-21).
7
Let u(b) = -2*b**3 + 2*b**2 + 23*b - 51. Determine u(2).
-13
Let k(f) = f**2 - 10*f - 70. Calculate k(12).
-46
Let s(j) = -636*j - 37535. Give s(-59).
-11
Let w(a) = 8*a**2 - 95*a - 390. Give w(15).
-15
Let z(d) = 333*d**3 + 12*d**2 - 1. Calculate z(1).
344
Let j(d) = 15*d**2 - 723*d - 1451. Give j(-2).
55
Let q(s) = 321*s - 4494. Give q(14).
0
Let z(c) = 86*c - 8854. Give z(103).
4
Let v(j) = j**3 - 27*j**2 + 106*j + 68. What is v(22)?
-20
Let c(u) = -11*u**2 - 706*u - 796. Calculate c(-63).
23
Let m(n) = n**3 - 28*n**2 - 32*n + 90. What is m(29)?
3
Let y(o) = -49*o - 139. Give y(-7).
204
Let w(a) = -a**3 + 3*a**2 + 11*a + 7. Determine w(4).
35
Let t(q) = 606*q + 15755. What is t(-26)?
-1
Let m(v) = 133*v + 22342. Determine m(-168).
-2
Let z(p) = 4*p**2 - 269*p + 5. What is z(68)?
209
Let q(r) = -20*r**2 + 720*r - 6. Give q(36).
-6
Let s(a) = a**3 - 5*a**2 - 265*a - 25. What is s(19)?
-6
Let p(k) = -266*k + 73. Calculate p(0).
73
Let i(r) = 5*r**2 - 10*r - 5. Calculate i(-2).
35
Let h(f) = -59*f + 841. Determine h(15).
-44
Let i(x) = -x**3 - 18*x**2 - 21*x + 132. What is i(-14)?
-358
Let i(a) = 4*a**2 + 314*a - 2043. Determine i(6).
-15
Let l(g) = -g**2 - 35*g - 3. Give l(-23).
273
Let c(l) = -638*l - 4449. What is c(-7)?
17
Let x(o) = -o**3 - 33*o**2 - 32*o - 116. What is x(-32)?
-116
Let y(r) = -2*r**2 - 222*r + 444. What is y(-113)?
-8
Let b(l) = -l - 109. What is b(-15)?
-94
Let h(x) = -37*x**3 + 41*x**2 + 21*x - 21. Give h(-1).
36
Let m(w) = 2*w**2 - 80*w - 1146. Determine m(51).
-24
Let h(x) = -x**2 + 17*x + 46. Calculate h(24).
-122
Let m(g) = -54*g - 2632. Determine m(-51).
122
Let h(d) = 8*d**2 - 56*d - 52. Determine h(8).
12
Let h(x) = -2*x**3 - 5*x**2 + 43*x - 120. Calculate h(3).
-90
Let l(m) = -m**3 + 27*m**2 - 77*m - 38. What is l(24)?
-158
Let z(c) = 15*c - 506. Calculate z(35).
19
Let s(g) = g**3 - 108*g**2 - 208*g - 1301. Give s(110).
19
Let d(y) = 752*y - 11180. Calculate d(15).
100
Let f(w) = -w**2 - 1953*w + 33510. Give f(17).
20
Let y(t) = t**3 + 28*t**2 - 88*t + 174. Calculate y(-31).
19
Let u(q) = -q**3 - 41*q**2 - 118*q - 20. What is u(-38)?
132
Let c(w) = w**3 + 7*w**2 - 46*w - 307. What is c(-6)?
5
Let p(g) = -37*g + 361. Calculate p(11).
-46
Let a(z) = 10*z**3 + 3*z**2 + 35*z - 38. Give a(1).
10
Let d(r) = -r**3 - 4*r**2 + 28*r - 12. What is d(-7)?
-61
Let b(z) = 7*z**2 + 65*z + 144. What is b(-6)?
6
Let c(f) = -29*f - 170. Determine c(-21).
439
Let x(z) = z**2 + 38*z - 1024. Give x(18).
-16
Let m(q) = -25*q + 69. Give m(11).
-206
Let t(v) = v**3 - 6*v**2 - 98*v + 76. Determine t(13).
-15
Let x(y) = y**2 - 26*y + 167. What is x(6)?
47
Let z(v) = 54*v - 922. Determine z(17).
-4
Let c(g) = 18*g + 226. Give c(-13).
-8
Let s(x) = -8*x**2 + 1049*x - 5168. Determine s(126).
-2
Let b(f) = 3*f**2 - 21*f + 35. What is b(3)?
-1
Let f(u) = -103*u**2 - 2. What is f(3)?
-929
Let r(v) = -74*v**2 - 47*v + 5. Give r(-1).
-22
Let s(v) = 262*v - 24364. What is s(93)?
2
Let q(j) = j**2 - 23*j + 23. What is q(24)?
47
Let u(m) = -m**2 - 59*m + 305. Give u(5).
-15
Let g(r) = 4108*r + 135566. Calculate g(-33).
2
Let h(p) = -p**3 + 81*p**2 - 820*p - 79. What is h(12)?
17
Let j(p) = -431*p + 2958. Calculate j(7).
-59
Let b(n) = 48*n - 368. What is b(10)?
112
Let g(w) = 558*w - 1677. Determine g(3).
-3
Let d(h) = 56*h - 208. Determine d(5).
72
Let y(q) = -8*q**3 + 38*q + 43. Give y(-2).
31
Let u(a) = -73*a - 2402. Determine u(-33).
7
Let g(l) = 5*l**3 - 4*l**2 + l + 9. Calculate g(-2).
-49
Let k(x) = 3*x**2 + 17*x - 21. Give k(-5).
-31
Let o(g) = -9*g**3 + 9*g**2 + 10*g + 2. What is o(-1)?
10
Let p(r) = -r**3 + 8*r**2 + 5*r - 18. What is p(-5)?
282
Let f(b) = 19*b**3 + 48*b**2 - 5*b - 2. Determine f(-2).
48
Let y(l) = -3*l**2 + 79. Determine y(-5).
4
Let d(t) = -27*t + 2196. Determine d(71).
279
Let c(x) = -66*x + 302. Calculate c(8).
-226
Let p(t) = -t**2 + 278*t - 2943. What is p(11)?
-6
Let f(i) = i**2 + 7*i + 17. Give f(-5).
7
Let c(g) = g**2 - 46*g - 235. Give c(52).
77
Let d(w) = w**3 + 58*w**2 + 118*w - 2587. What is d(-55)?
-2
Let b(n) = -3*n + 357. Determine b(103).
48
Let t(v) = 30*v**2 - 1021*v + 27. Determine t(34).
-7
Let d(x) = x**2 - 53*x + 376. Calculate d(42).
-86
Let j(n) = n**3 - 23*n**2 + 73*n - 19. What is j(8)?
-395
Let c(s) = s**2 + 44*s - 46. Calculate c(-6).
-274
Let m(v) = -179*v - 82. What is m(0)?
-82
Let r(d) = -3170*d + 9467. What is r(3)?
-43
Let l(h) = 53*h + 53. Determine l(-3).
-106
Let q(b) = 2*b**2 - 36*b + 162. Give q(8).
2
Let f(l) = -l**2 + 438*l + 3575. Give f(-8).
7
Let b(g) = 482*g - 2245. Calculate b(5).
165
Let x(w) = w**3 - 